{"id":7501,"date":"2023-04-18T01:10:40","date_gmt":"2023-04-18T06:10:40","guid":{"rendered":"http:\/\/143.244.186.92\/?page_id=7501"},"modified":"2023-12-15T20:53:20","modified_gmt":"2023-12-16T01:53:20","slug":"club-del-ingeniero","status":"publish","type":"page","link":"https:\/\/cippuno.org.pe\/web\/club-del-ingeniero\/","title":{"rendered":"Club del Ingeniero"},"content":{"rendered":"\t\t<div data-elementor-type=\"wp-page\" data-elementor-id=\"7501\" class=\"elementor elementor-7501\">\n\t\t\t\t\t\t\t\t\t<section data-particle_enable=\"false\" data-particle-mobile-disabled=\"false\" class=\"elementor-section elementor-top-section elementor-element elementor-element-69db041 elementor-section-full_width elementor-section-height-default elementor-section-height-default\" data-id=\"69db041\" data-element_type=\"section\" data-settings=\"{&quot;ekit_has_onepagescroll_dot&quot;:&quot;yes&quot;}\">\n\t\t\t\t\t\t<div class=\"elementor-container elementor-column-gap-no\">\n\t\t\t\t\t<div class=\"elementor-column elementor-col-100 elementor-top-column elementor-element elementor-element-7e6923b\" data-id=\"7e6923b\" data-element_type=\"column\">\n\t\t\t<div class=\"elementor-widget-wrap elementor-element-populated\">\n\t\t\t\t\t\t\t\t<div class=\"elementor-element elementor-element-31e95e4 elementor--h-position-center elementor--v-position-middle elementor-widget elementor-widget-slides\" data-id=\"31e95e4\" data-element_type=\"widget\" data-settings=\"{&quot;navigation&quot;:&quot;none&quot;,&quot;autoplay&quot;:&quot;yes&quot;,&quot;autoplay_speed&quot;:5000,&quot;transition&quot;:&quot;slide&quot;,&quot;transition_speed&quot;:500,&quot;ekit_we_effect_on&quot;:&quot;none&quot;}\" data-widget_type=\"slides.default\">\n\t\t\t\t<div class=\"elementor-widget-container\">\n\t\t\t<style>\/*! elementor-pro - v3.11.4 - 07-03-2023 *\/\n.elementor-slides .swiper-slide-bg{background-size:cover;background-position:50%;background-repeat:no-repeat;min-width:100%;min-height:100%}.elementor-slides .swiper-slide-inner{background-repeat:no-repeat;background-position:50%;position:absolute;top:0;left:0;bottom:0;right:0;padding:50px;margin:auto}.elementor-slides .swiper-slide-inner,.elementor-slides .swiper-slide-inner:hover{color:#fff;display:flex}.elementor-slides .swiper-slide-inner .elementor-background-overlay{position:absolute;z-index:0;top:0;bottom:0;left:0;right:0}.elementor-slides .swiper-slide-inner .elementor-slide-content{position:relative;z-index:1;width:100%}.elementor-slides .swiper-slide-inner .elementor-slide-heading{font-size:35px;font-weight:700;line-height:1}.elementor-slides .swiper-slide-inner .elementor-slide-description{font-size:17px;line-height:1.4}.elementor-slides .swiper-slide-inner .elementor-slide-description:not(:last-child),.elementor-slides .swiper-slide-inner .elementor-slide-heading:not(:last-child){margin-bottom:30px}.elementor-slides .swiper-slide-inner .elementor-slide-button{border:2px solid #fff;color:#fff;background:transparent;display:inline-block}.elementor-slides .swiper-slide-inner .elementor-slide-button,.elementor-slides .swiper-slide-inner .elementor-slide-button:hover{background:transparent;color:inherit;text-decoration:none}.elementor--v-position-top .swiper-slide-inner{align-items:flex-start}.elementor--v-position-bottom .swiper-slide-inner{align-items:flex-end}.elementor--v-position-middle .swiper-slide-inner{align-items:center}.elementor--h-position-left .swiper-slide-inner{justify-content:flex-start}.elementor--h-position-right .swiper-slide-inner{justify-content:flex-end}.elementor--h-position-center .swiper-slide-inner{justify-content:center}body.rtl .elementor-widget-slides .elementor-swiper-button-next{left:10px;right:auto}body.rtl .elementor-widget-slides .elementor-swiper-button-prev{right:10px;left:auto}.elementor-slides-wrapper div:not(.swiper-slide)>.swiper-slide-inner{display:none}@media (max-width:767px){.elementor-slides .swiper-slide-inner{padding:30px}.elementor-slides .swiper-slide-inner .elementor-slide-heading{font-size:23px;line-height:1;margin-bottom:15px}.elementor-slides .swiper-slide-inner .elementor-slide-description{font-size:13px;line-height:1.4;margin-bottom:15px}}<\/style>\t\t<div class=\"elementor-swiper\">\n\t\t\t<div class=\"elementor-slides-wrapper elementor-main-swiper swiper\" dir=\"ltr\" data-animation=\"fadeInUp\">\n\t\t\t\t<div class=\"swiper-wrapper elementor-slides\">\n\t\t\t\t\t\t\t\t\t\t<div class=\"elementor-repeater-item-ceed743 swiper-slide\"><div class=\"swiper-slide-bg elementor-ken-burns elementor-ken-burns--in\"><\/div><div class=\"swiper-slide-inner\" ><div class=\"swiper-slide-contents\"><div class=\"elementor-slide-heading\">Club Del Ingeniero - Totorani<\/div><\/div><\/div><\/div><div class=\"elementor-repeater-item-3ba94cb swiper-slide\"><div class=\"swiper-slide-bg elementor-ken-burns elementor-ken-burns--in\"><\/div><div class=\"swiper-slide-inner\" ><div class=\"swiper-slide-contents\"><\/div><\/div><\/div>\t\t\t\t<\/div>\n\t\t\t\t\t\t\t\t\t\t\t\t\t\t\t\t\t\t\t\t\t<\/div>\n\t\t<\/div>\n\t\t\t\t<\/div>\n\t\t\t\t<\/div>\n\t\t\t\t\t<\/div>\n\t\t<\/div>\n\t\t\t\t\t\t\t<\/div>\n\t\t<\/section>\n\t\t\t\t<section data-particle_enable=\"false\" data-particle-mobile-disabled=\"false\" class=\"elementor-section elementor-top-section elementor-element elementor-element-ce29612 elementor-section-boxed elementor-section-height-default elementor-section-height-default\" data-id=\"ce29612\" data-element_type=\"section\" data-settings=\"{&quot;background_background&quot;:&quot;classic&quot;,&quot;ekit_has_onepagescroll_dot&quot;:&quot;yes&quot;}\">\n\t\t\t\t\t\t<div class=\"elementor-container elementor-column-gap-no\">\n\t\t\t\t\t<div class=\"elementor-column elementor-col-100 elementor-top-column elementor-element elementor-element-d8576d2\" data-id=\"d8576d2\" data-element_type=\"column\">\n\t\t\t<div class=\"elementor-widget-wrap elementor-element-populated\">\n\t\t\t\t\t\t\t\t<div class=\"elementor-element elementor-element-62af309 elementor-widget elementor-widget-elementskit-heading\" data-id=\"62af309\" data-element_type=\"widget\" data-settings=\"{&quot;ekit_we_effect_on&quot;:&quot;none&quot;}\" data-widget_type=\"elementskit-heading.default\">\n\t\t\t\t<div class=\"elementor-widget-container\">\n\t\t\t<div class=\"ekit-wid-con\" ><div class=\"ekit-heading elementskit-section-title-wraper text_center   ekit_heading_tablet-   ekit_heading_mobile-\"><h3 class=\"ekit-heading--title elementskit-section-title \">CLUB DEL INGENIERO - TOTORANI<\/h3><div class=\"ekit_heading_separetor_wraper ekit_heading_elementskit-border-star elementskit-bullet\"><div class=\"elementskit-border-star elementskit-bullet\"><\/div><\/div><\/div><\/div>\t\t<\/div>\n\t\t\t\t<\/div>\n\t\t\t\t<div class=\"elementor-element elementor-element-88b8860 elementor-widget elementor-widget-elementskit-motion-text\" data-id=\"88b8860\" data-element_type=\"widget\" data-settings=\"{&quot;ekit_we_effect_on&quot;:&quot;none&quot;}\" data-widget_type=\"elementskit-motion-text.default\">\n\t\t\t\t<div class=\"elementor-widget-container\">\n\t\t\t<div class=\"ekit-wid-con\" >\t\t<div class=\"elementskit_motion_text_wraper\">\n\t\t\t\t\t\t<div class=\"ekit_motion_text_inner_wraper \" >\n\t\t\t<p class=\"ekit_motion_text_title ekit_animation  ekit_no_spilit \" data-ekit-animation-delay-s=\"10\" data-animate-class=\"ekit-FadeInTop\"><span class=\"ekit_motion_text\" data-ekit-animation-delay=\"\">Para promover la actividad f\u00edsica, recreativa, de uni\u00f3n y confraternidad en nuestros agremiados y sus familias, la presente gesti\u00f3n viene concretizando la obra: \u201cConstrucci\u00f3n, instalaci\u00f3n y remodelaci\u00f3n integral del Club del Ingeniero (Totorani)\u201d, espacio ubicado en la carretera Puno \u2013 Tiquillaca (Tototrani). Dentro de este proyecto podemos encontrar diferentes obras como: la construcci\u00f3n de canchas deportivas de voleibol y futsal con c\u00e9sped artificial (Grass sint\u00e9tico) con amplios grader\u00edos y servicios; asimismo, la construcci\u00f3n y pronta inauguraci\u00f3n de las 04 canchas de paleta de front\u00f3n las cuales tienen las mediadas oficiales reglamentarias; la construcci\u00f3n e instalaci\u00f3n del circuito de cuatrimotos y bicicross. La instalaci\u00f3n de los juegos recreativos para los hijos e hijas de los ingenieros. La instalaci\u00f3n del sistema de iluminaci\u00f3n led y SS.EE. La remodelaci\u00f3n y habilitaci\u00f3n del auditorio para actividades sociales y culturales. La habilitaci\u00f3n y acondicionamiento de playas de estacionamiento, instalaci\u00f3n de puntos parrilleros, entre otras obras.<\/span>\t\t\t\t<\/p>\t\t\t\t\t\t\t\t\t<\/div>\n\t\t<\/div>\n\n\t\t<\/div>\t\t<\/div>\n\t\t\t\t<\/div>\n\t\t\t\t\t<\/div>\n\t\t<\/div>\n\t\t\t\t\t\t\t<\/div>\n\t\t<\/section>\n\t\t\t\t<section data-particle_enable=\"false\" data-particle-mobile-disabled=\"false\" class=\"elementor-section elementor-top-section elementor-element elementor-element-1311e77 elementor-section-boxed elementor-section-height-default elementor-section-height-default\" data-id=\"1311e77\" data-element_type=\"section\" data-settings=\"{&quot;ekit_has_onepagescroll_dot&quot;:&quot;yes&quot;}\">\n\t\t\t\t\t\t<div class=\"elementor-container elementor-column-gap-default\">\n\t\t\t\t\t<div class=\"elementor-column elementor-col-100 elementor-top-column elementor-element elementor-element-fd9f153\" data-id=\"fd9f153\" data-element_type=\"column\">\n\t\t\t<div class=\"elementor-widget-wrap elementor-element-populated\">\n\t\t\t\t\t\t\t\t<div class=\"elementor-element elementor-element-a7688a6 elementor-widget elementor-widget-image-gallery\" data-id=\"a7688a6\" data-element_type=\"widget\" data-settings=\"{&quot;ekit_we_effect_on&quot;:&quot;none&quot;}\" data-widget_type=\"image-gallery.default\">\n\t\t\t\t<div class=\"elementor-widget-container\">\n\t\t\t<style>\/*! elementor - v3.11.4 - 12-03-2023 *\/\n.elementor-image-gallery .gallery-item{display:inline-block;text-align:center;vertical-align:top;width:100%;max-width:100%;margin:0 auto}.elementor-image-gallery .gallery-item img{margin:0 auto}.elementor-image-gallery .gallery-item .gallery-caption{margin:0}.elementor-image-gallery figure img{display:block}.elementor-image-gallery figure figcaption{width:100%}.gallery-spacing-custom .elementor-image-gallery .gallery-icon{padding:0}@media (min-width:768px){.elementor-image-gallery .gallery-columns-2 .gallery-item{max-width:50%}.elementor-image-gallery .gallery-columns-3 .gallery-item{max-width:33.33%}.elementor-image-gallery .gallery-columns-4 .gallery-item{max-width:25%}.elementor-image-gallery .gallery-columns-5 .gallery-item{max-width:20%}.elementor-image-gallery .gallery-columns-6 .gallery-item{max-width:16.666%}.elementor-image-gallery .gallery-columns-7 .gallery-item{max-width:14.28%}.elementor-image-gallery .gallery-columns-8 .gallery-item{max-width:12.5%}.elementor-image-gallery .gallery-columns-9 .gallery-item{max-width:11.11%}.elementor-image-gallery .gallery-columns-10 .gallery-item{max-width:10%}}@media (min-width:480px) and (max-width:767px){.elementor-image-gallery .gallery.gallery-columns-2 .gallery-item,.elementor-image-gallery .gallery.gallery-columns-3 .gallery-item,.elementor-image-gallery .gallery.gallery-columns-4 .gallery-item,.elementor-image-gallery .gallery.gallery-columns-5 .gallery-item,.elementor-image-gallery .gallery.gallery-columns-6 .gallery-item,.elementor-image-gallery .gallery.gallery-columns-7 .gallery-item,.elementor-image-gallery .gallery.gallery-columns-8 .gallery-item,.elementor-image-gallery .gallery.gallery-columns-9 .gallery-item,.elementor-image-gallery .gallery.gallery-columns-10 .gallery-item{max-width:50%}}@media (max-width:479px){.elementor-image-gallery .gallery.gallery-columns-2 .gallery-item,.elementor-image-gallery .gallery.gallery-columns-3 .gallery-item,.elementor-image-gallery .gallery.gallery-columns-4 .gallery-item,.elementor-image-gallery .gallery.gallery-columns-5 .gallery-item,.elementor-image-gallery .gallery.gallery-columns-6 .gallery-item,.elementor-image-gallery .gallery.gallery-columns-7 .gallery-item,.elementor-image-gallery .gallery.gallery-columns-8 .gallery-item,.elementor-image-gallery .gallery.gallery-columns-9 .gallery-item,.elementor-image-gallery .gallery.gallery-columns-10 .gallery-item{max-width:100%}}<\/style>\t\t<div class=\"elementor-image-gallery\">\n\t\t\t\n\t\t<style type=\"text\/css\">\n\t\t\t#gallery-1 {\n\t\t\t\tmargin: auto;\n\t\t\t}\n\t\t\t#gallery-1 .gallery-item {\n\t\t\t\tfloat: left;\n\t\t\t\tmargin-top: 10px;\n\t\t\t\ttext-align: center;\n\t\t\t\twidth: 33%;\n\t\t\t}\n\t\t\t#gallery-1 img {\n\t\t\t\tborder: 2px solid #cfcfcf;\n\t\t\t}\n\t\t\t#gallery-1 .gallery-caption {\n\t\t\t\tmargin-left: 0;\n\t\t\t}\n\t\t\t\/* see gallery_shortcode() in wp-includes\/media.php *\/\n\t\t<\/style>\n\t\t<div id='gallery-1' class='gallery galleryid-7501 gallery-columns-3 gallery-size-2048x2048'><dl class='gallery-item'>\n\t\t\t<dt class='gallery-icon landscape'>\n\t\t\t\t<a data-elementor-open-lightbox=\"yes\" data-elementor-lightbox-slideshow=\"a7688a6\" data-elementor-lightbox-title=\"IMG_20230304_101049\" data-e-action-hash=\"#elementor-action%3Aaction%3Dlightbox%26settings%3DeyJpZCI6ODA2OSwidXJsIjoiaHR0cHM6XC9cL2NpcHB1bm8ub3JnLnBlXC93ZWJcL3dwLWNvbnRlbnRcL3VwbG9hZHNcLzIwMjNcLzA0XC9JTUdfMjAyMzAzMDRfMTAxMDQ5LXNjYWxlZC5qcGciLCJzbGlkZXNob3ciOiJhNzY4OGE2In0%3D\" href='https:\/\/cippuno.org.pe\/web\/wp-content\/uploads\/2023\/04\/IMG_20230304_101049-scaled.jpg'><img loading=\"lazy\" decoding=\"async\" width=\"2048\" height=\"1536\" src=\"https:\/\/cippuno.org.pe\/web\/wp-content\/uploads\/2023\/04\/IMG_20230304_101049-2048x1536.jpg\" class=\"attachment-2048x2048 size-2048x2048\" alt=\"\" srcset=\"https:\/\/cippuno.org.pe\/web\/wp-content\/uploads\/2023\/04\/IMG_20230304_101049-2048x1536.jpg 2048w, https:\/\/cippuno.org.pe\/web\/wp-content\/uploads\/2023\/04\/IMG_20230304_101049-300x225.jpg 300w, https:\/\/cippuno.org.pe\/web\/wp-content\/uploads\/2023\/04\/IMG_20230304_101049-1024x768.jpg 1024w, https:\/\/cippuno.org.pe\/web\/wp-content\/uploads\/2023\/04\/IMG_20230304_101049-768x576.jpg 768w, https:\/\/cippuno.org.pe\/web\/wp-content\/uploads\/2023\/04\/IMG_20230304_101049-1536x1152.jpg 1536w\" sizes=\"auto, (max-width: 2048px) 100vw, 2048px\" \/><\/a>\n\t\t\t<\/dt><\/dl><dl class='gallery-item'>\n\t\t\t<dt class='gallery-icon landscape'>\n\t\t\t\t<a data-elementor-open-lightbox=\"yes\" data-elementor-lightbox-slideshow=\"a7688a6\" data-elementor-lightbox-title=\"IMG_20220910_083103\" data-e-action-hash=\"#elementor-action%3Aaction%3Dlightbox%26settings%3DeyJpZCI6ODA2NSwidXJsIjoiaHR0cHM6XC9cL2NpcHB1bm8ub3JnLnBlXC93ZWJcL3dwLWNvbnRlbnRcL3VwbG9hZHNcLzIwMjNcLzA0XC9JTUdfMjAyMjA5MTBfMDgzMTAzLXNjYWxlZC5qcGciLCJzbGlkZXNob3ciOiJhNzY4OGE2In0%3D\" href='https:\/\/cippuno.org.pe\/web\/wp-content\/uploads\/2023\/04\/IMG_20220910_083103-scaled.jpg'><img loading=\"lazy\" decoding=\"async\" width=\"2048\" height=\"1536\" src=\"https:\/\/cippuno.org.pe\/web\/wp-content\/uploads\/2023\/04\/IMG_20220910_083103-2048x1536.jpg\" class=\"attachment-2048x2048 size-2048x2048\" alt=\"\" srcset=\"https:\/\/cippuno.org.pe\/web\/wp-content\/uploads\/2023\/04\/IMG_20220910_083103-2048x1536.jpg 2048w, https:\/\/cippuno.org.pe\/web\/wp-content\/uploads\/2023\/04\/IMG_20220910_083103-300x225.jpg 300w, https:\/\/cippuno.org.pe\/web\/wp-content\/uploads\/2023\/04\/IMG_20220910_083103-1024x768.jpg 1024w, https:\/\/cippuno.org.pe\/web\/wp-content\/uploads\/2023\/04\/IMG_20220910_083103-768x576.jpg 768w, https:\/\/cippuno.org.pe\/web\/wp-content\/uploads\/2023\/04\/IMG_20220910_083103-1536x1152.jpg 1536w\" sizes=\"auto, (max-width: 2048px) 100vw, 2048px\" \/><\/a>\n\t\t\t<\/dt><\/dl><dl class='gallery-item'>\n\t\t\t<dt class='gallery-icon landscape'>\n\t\t\t\t<a data-elementor-open-lightbox=\"yes\" data-elementor-lightbox-slideshow=\"a7688a6\" data-elementor-lightbox-title=\"IMG_20230304_170854\" data-e-action-hash=\"#elementor-action%3Aaction%3Dlightbox%26settings%3DeyJpZCI6ODA3MCwidXJsIjoiaHR0cHM6XC9cL2NpcHB1bm8ub3JnLnBlXC93ZWJcL3dwLWNvbnRlbnRcL3VwbG9hZHNcLzIwMjNcLzA0XC9JTUdfMjAyMzAzMDRfMTcwODU0LXNjYWxlZC5qcGciLCJzbGlkZXNob3ciOiJhNzY4OGE2In0%3D\" href='https:\/\/cippuno.org.pe\/web\/wp-content\/uploads\/2023\/04\/IMG_20230304_170854-scaled.jpg'><img loading=\"lazy\" decoding=\"async\" width=\"2048\" height=\"1536\" src=\"https:\/\/cippuno.org.pe\/web\/wp-content\/uploads\/2023\/04\/IMG_20230304_170854-2048x1536.jpg\" class=\"attachment-2048x2048 size-2048x2048\" alt=\"\" srcset=\"https:\/\/cippuno.org.pe\/web\/wp-content\/uploads\/2023\/04\/IMG_20230304_170854-2048x1536.jpg 2048w, https:\/\/cippuno.org.pe\/web\/wp-content\/uploads\/2023\/04\/IMG_20230304_170854-300x225.jpg 300w, https:\/\/cippuno.org.pe\/web\/wp-content\/uploads\/2023\/04\/IMG_20230304_170854-1024x768.jpg 1024w, https:\/\/cippuno.org.pe\/web\/wp-content\/uploads\/2023\/04\/IMG_20230304_170854-768x576.jpg 768w, https:\/\/cippuno.org.pe\/web\/wp-content\/uploads\/2023\/04\/IMG_20230304_170854-1536x1152.jpg 1536w\" sizes=\"auto, (max-width: 2048px) 100vw, 2048px\" \/><\/a>\n\t\t\t<\/dt><\/dl><br style=\"clear: both\" \/><dl class='gallery-item'>\n\t\t\t<dt class='gallery-icon landscape'>\n\t\t\t\t<a data-elementor-open-lightbox=\"yes\" data-elementor-lightbox-slideshow=\"a7688a6\" data-elementor-lightbox-title=\"totorani\" data-e-action-hash=\"#elementor-action%3Aaction%3Dlightbox%26settings%3DeyJpZCI6MTA3ODQsInVybCI6Imh0dHBzOlwvXC9jaXBwdW5vLm9yZy5wZVwvd2ViXC93cC1jb250ZW50XC91cGxvYWRzXC8yMDIzXC8xMlwvdG90b3JhbmkuanBlZyIsInNsaWRlc2hvdyI6ImE3Njg4YTYifQ%3D%3D\" href='https:\/\/cippuno.org.pe\/web\/wp-content\/uploads\/2023\/12\/totorani.jpeg'><img loading=\"lazy\" decoding=\"async\" width=\"1600\" height=\"1066\" src=\"https:\/\/cippuno.org.pe\/web\/wp-content\/uploads\/2023\/12\/totorani.jpeg\" class=\"attachment-2048x2048 size-2048x2048\" alt=\"\" srcset=\"https:\/\/cippuno.org.pe\/web\/wp-content\/uploads\/2023\/12\/totorani.jpeg 1600w, https:\/\/cippuno.org.pe\/web\/wp-content\/uploads\/2023\/12\/totorani-300x200.jpeg 300w, https:\/\/cippuno.org.pe\/web\/wp-content\/uploads\/2023\/12\/totorani-1024x682.jpeg 1024w, https:\/\/cippuno.org.pe\/web\/wp-content\/uploads\/2023\/12\/totorani-768x512.jpeg 768w, https:\/\/cippuno.org.pe\/web\/wp-content\/uploads\/2023\/12\/totorani-391x260.jpeg 391w, https:\/\/cippuno.org.pe\/web\/wp-content\/uploads\/2023\/12\/totorani-1536x1023.jpeg 1536w\" sizes=\"auto, (max-width: 1600px) 100vw, 1600px\" \/><\/a>\n\t\t\t<\/dt><\/dl><dl class='gallery-item'>\n\t\t\t<dt class='gallery-icon landscape'>\n\t\t\t\t<a data-elementor-open-lightbox=\"yes\" data-elementor-lightbox-slideshow=\"a7688a6\" data-elementor-lightbox-title=\"totoraniplataforma\" data-e-action-hash=\"#elementor-action%3Aaction%3Dlightbox%26settings%3DeyJpZCI6MTA3ODUsInVybCI6Imh0dHBzOlwvXC9jaXBwdW5vLm9yZy5wZVwvd2ViXC93cC1jb250ZW50XC91cGxvYWRzXC8yMDIzXC8xMlwvdG90b3JhbmlwbGF0YWZvcm1hLmpwZWciLCJzbGlkZXNob3ciOiJhNzY4OGE2In0%3D\" href='https:\/\/cippuno.org.pe\/web\/wp-content\/uploads\/2023\/12\/totoraniplataforma.jpeg'><img loading=\"lazy\" decoding=\"async\" width=\"1600\" height=\"1066\" src=\"https:\/\/cippuno.org.pe\/web\/wp-content\/uploads\/2023\/12\/totoraniplataforma.jpeg\" class=\"attachment-2048x2048 size-2048x2048\" alt=\"\" srcset=\"https:\/\/cippuno.org.pe\/web\/wp-content\/uploads\/2023\/12\/totoraniplataforma.jpeg 1600w, https:\/\/cippuno.org.pe\/web\/wp-content\/uploads\/2023\/12\/totoraniplataforma-300x200.jpeg 300w, https:\/\/cippuno.org.pe\/web\/wp-content\/uploads\/2023\/12\/totoraniplataforma-1024x682.jpeg 1024w, https:\/\/cippuno.org.pe\/web\/wp-content\/uploads\/2023\/12\/totoraniplataforma-768x512.jpeg 768w, https:\/\/cippuno.org.pe\/web\/wp-content\/uploads\/2023\/12\/totoraniplataforma-391x260.jpeg 391w, https:\/\/cippuno.org.pe\/web\/wp-content\/uploads\/2023\/12\/totoraniplataforma-1536x1023.jpeg 1536w\" sizes=\"auto, (max-width: 1600px) 100vw, 1600px\" \/><\/a>\n\t\t\t<\/dt><\/dl>\n\t\t\t<br style='clear: both' \/>\n\t\t<\/div>\n\t\t<\/div>\n\t\t\t\t<\/div>\n\t\t\t\t<\/div>\n\t\t\t\t\t<\/div>\n\t\t<\/div>\n\t\t\t\t\t\t\t<\/div>\n\t\t<\/section>\n\t\t\t\t<section data-particle_enable=\"false\" data-particle-mobile-disabled=\"false\" class=\"elementor-section elementor-top-section elementor-element elementor-element-f6f14e0 elementor-section-boxed elementor-section-height-default elementor-section-height-default\" data-id=\"f6f14e0\" data-element_type=\"section\" data-settings=\"{&quot;background_background&quot;:&quot;classic&quot;,&quot;ekit_has_onepagescroll_dot&quot;:&quot;yes&quot;}\">\n\t\t\t\t\t\t<div class=\"elementor-container elementor-column-gap-no\">\n\t\t\t\t\t<div class=\"elementor-column elementor-col-100 elementor-top-column elementor-element elementor-element-add7ebf\" data-id=\"add7ebf\" data-element_type=\"column\">\n\t\t\t<div class=\"elementor-widget-wrap elementor-element-populated\">\n\t\t\t\t\t\t\t\t<div class=\"elementor-element elementor-element-929fb99 elementor-widget elementor-widget-elementskit-heading\" data-id=\"929fb99\" data-element_type=\"widget\" data-settings=\"{&quot;ekit_we_effect_on&quot;:&quot;none&quot;}\" data-widget_type=\"elementskit-heading.default\">\n\t\t\t\t<div class=\"elementor-widget-container\">\n\t\t\t<div class=\"ekit-wid-con\" ><div class=\"ekit-heading elementskit-section-title-wraper text_center   ekit_heading_tablet-   ekit_heading_mobile-\"><h3 class=\"ekit-heading--title elementskit-section-title \">UBICACION<\/h3><div class=\"ekit_heading_separetor_wraper ekit_heading_elementskit-border-star elementskit-bullet\"><div class=\"elementskit-border-star elementskit-bullet\"><\/div><\/div><\/div><\/div>\t\t<\/div>\n\t\t\t\t<\/div>\n\t\t\t\t<div class=\"elementor-element elementor-element-ce7fb24 elementor-widget elementor-widget-google_maps\" data-id=\"ce7fb24\" data-element_type=\"widget\" data-settings=\"{&quot;ekit_we_effect_on&quot;:&quot;none&quot;}\" data-widget_type=\"google_maps.default\">\n\t\t\t\t<div class=\"elementor-widget-container\">\n\t\t\t<style>\/*! elementor - v3.11.4 - 12-03-2023 *\/\n.elementor-widget-google_maps .elementor-widget-container{overflow:hidden}.elementor-widget-google_maps .elementor-custom-embed{line-height:0}.elementor-widget-google_maps iframe{height:300px}<\/style>\t\t<div class=\"elementor-custom-embed\">\n\t\t\t<iframe loading=\"lazy\"\n\t\t\t\t\tsrc=\"https:\/\/maps.google.com\/maps?q=EL%20CLUB%20DEL%20INGENIERO%20-%20%20CIP%20CD%E2%80%A6&#038;t=m&#038;z=15&#038;output=embed&#038;iwloc=near\"\n\t\t\t\t\ttitle=\"EL CLUB DEL INGENIERO -  CIP CD\u2026\"\n\t\t\t\t\taria-label=\"EL CLUB DEL INGENIERO -  CIP CD\u2026\"\n\t\t\t><\/iframe>\n\t\t<\/div>\n\t\t\t\t<\/div>\n\t\t\t\t<\/div>\n\t\t\t\t\t<\/div>\n\t\t<\/div>\n\t\t\t\t\t\t\t<\/div>\n\t\t<\/section>\n\t\t\t\t\t\t\t<\/div>\n\t\t","protected":false},"excerpt":{"rendered":"<p>Club Del Ingeniero &#8211; Totorani CLUB DEL INGENIERO &#8211; TOTORANI Para promover la actividad f\u00edsica, recreativa, de uni\u00f3n y confraternidad en nuestros agremiados y sus familias, la presente gesti\u00f3n viene concretizando la obra: \u201cConstrucci\u00f3n, instalaci\u00f3n y remodelaci\u00f3n integral del Club del Ingeniero (Totorani)\u201d, espacio ubicado en la carretera Puno \u2013 Tiquillaca (Tototrani). Dentro de este [&hellip;]<\/p>\n","protected":false},"author":1,"featured_media":0,"parent":0,"menu_order":0,"comment_status":"closed","ping_status":"closed","template":"template-homepage.php","meta":{"_uag_custom_page_level_css":"","footnotes":""},"class_list":["post-7501","page","type-page","status-publish","hentry"],"uagb_featured_image_src":{"full":false,"thumbnail":false,"medium":false,"medium_large":false,"large":false,"thumblist":false,"meccarouselthumb":false,"gridsquare":false,"tileview":false,"1536x1536":false,"2048x2048":false},"uagb_author_info":{"display_name":"admin","author_link":"https:\/\/cippuno.org.pe\/web\/author\/admin\/"},"uagb_comment_info":0,"uagb_excerpt":"Club Del Ingeniero &#8211; Totorani CLUB DEL INGENIERO &#8211; TOTORANI Para promover la actividad f\u00edsica, recreativa, de uni\u00f3n y confraternidad en nuestros agremiados y sus familias, la presente gesti\u00f3n viene concretizando la obra: \u201cConstrucci\u00f3n, instalaci\u00f3n y remodelaci\u00f3n integral del Club del Ingeniero (Totorani)\u201d, espacio ubicado en la carretera Puno \u2013 Tiquillaca (Tototrani). Dentro de este&hellip;","meta_box":{"body_padding_enable":"0","padding_for_body":"","padding_for_body_mb":"","page_header_padding_enable":"0","padding_for_page_header":"","padding_for_page_header_mb":"","custom_header":"0","header_settings_meta":"","custom_sticky_enable":"0","custom_sticky_header":"0","header_sticky_settings_meta":"","custom_footer":"0","footer_settings_meta":"","custom_footer_sticky":"0","custom_layout":"0","layout":"","preloader_custom_enable":"0","preloader_bgcolor":"","preloader_image":[],"page_header_enable_disable":"0","page_header_title":"","page_header_bgcolor":"","page_header_bgimage":[],"text_color_blog":""},"_links":{"self":[{"href":"https:\/\/cippuno.org.pe\/web\/wp-json\/wp\/v2\/pages\/7501","targetHints":{"allow":["GET"]}}],"collection":[{"href":"https:\/\/cippuno.org.pe\/web\/wp-json\/wp\/v2\/pages"}],"about":[{"href":"https:\/\/cippuno.org.pe\/web\/wp-json\/wp\/v2\/types\/page"}],"author":[{"embeddable":true,"href":"https:\/\/cippuno.org.pe\/web\/wp-json\/wp\/v2\/users\/1"}],"replies":[{"embeddable":true,"href":"https:\/\/cippuno.org.pe\/web\/wp-json\/wp\/v2\/comments?post=7501"}],"version-history":[{"count":32,"href":"https:\/\/cippuno.org.pe\/web\/wp-json\/wp\/v2\/pages\/7501\/revisions"}],"predecessor-version":[{"id":10789,"href":"https:\/\/cippuno.org.pe\/web\/wp-json\/wp\/v2\/pages\/7501\/revisions\/10789"}],"wp:attachment":[{"href":"https:\/\/cippuno.org.pe\/web\/wp-json\/wp\/v2\/media?parent=7501"}],"curies":[{"name":"wp","href":"https:\/\/api.w.org\/{rel}","templated":true}]}}