{"id":6996,"date":"2023-04-11T18:24:25","date_gmt":"2023-04-11T23:24:25","guid":{"rendered":"http:\/\/143.244.186.92\/?page_id=6996"},"modified":"2023-07-05T14:28:01","modified_gmt":"2023-07-05T19:28:01","slug":"organigrama-mision-y-vision","status":"publish","type":"page","link":"https:\/\/cippuno.org.pe\/web\/organigrama-mision-y-vision\/","title":{"rendered":"Misi\u00f3n y Visi\u00f3n"},"content":{"rendered":"\t\t<div data-elementor-type=\"wp-page\" data-elementor-id=\"6996\" class=\"elementor elementor-6996\">\n\t\t\t\t\t\t\t\t\t<section data-particle_enable=\"false\" data-particle-mobile-disabled=\"false\" class=\"elementor-section elementor-top-section elementor-element elementor-element-741115e elementor-section-height-min-height elementor-section-stretched elementor-section-items-bottom elementor-section-boxed elementor-section-height-default\" data-id=\"741115e\" data-element_type=\"section\" data-settings=\"{&quot;stretch_section&quot;:&quot;section-stretched&quot;,&quot;background_background&quot;:&quot;slideshow&quot;,&quot;background_slideshow_gallery&quot;:[{&quot;id&quot;:6954,&quot;url&quot;:&quot;http:\\\/\\\/cd.cippuno.org.pe\\\/wp-content\\\/uploads\\\/2021\\\/10\\\/foto.jpg&quot;},{&quot;id&quot;:6953,&quot;url&quot;:&quot;http:\\\/\\\/cd.cippuno.org.pe\\\/wp-content\\\/uploads\\\/2021\\\/10\\\/cipportada.jpg&quot;},{&quot;id&quot;:6952,&quot;url&quot;:&quot;http:\\\/\\\/cd.cippuno.org.pe\\\/wp-content\\\/uploads\\\/2021\\\/10\\\/institucional2.png&quot;}],&quot;background_slideshow_loop&quot;:&quot;yes&quot;,&quot;background_slideshow_slide_duration&quot;:5000,&quot;background_slideshow_slide_transition&quot;:&quot;fade&quot;,&quot;background_slideshow_transition_duration&quot;:500,&quot;ekit_has_onepagescroll_dot&quot;:&quot;yes&quot;}\">\n\t\t\t\t\t\t<div class=\"elementor-container elementor-column-gap-default\">\n\t\t\t\t\t<div class=\"elementor-column elementor-col-100 elementor-top-column elementor-element elementor-element-12fbf69\" data-id=\"12fbf69\" data-element_type=\"column\">\n\t\t\t<div class=\"elementor-widget-wrap elementor-element-populated\">\n\t\t\t\t\t\t\t\t<div class=\"elementor-element elementor-element-d542adc elementor-widget elementor-widget-heading\" data-id=\"d542adc\" data-element_type=\"widget\" data-settings=\"{&quot;ekit_we_effect_on&quot;:&quot;none&quot;}\" data-widget_type=\"heading.default\">\n\t\t\t\t<div class=\"elementor-widget-container\">\n\t\t\t<style>\/*! elementor - v3.11.4 - 12-03-2023 *\/\n.elementor-heading-title{padding:0;margin:0;line-height:1}.elementor-widget-heading .elementor-heading-title[class*=elementor-size-]>a{color:inherit;font-size:inherit;line-height:inherit}.elementor-widget-heading .elementor-heading-title.elementor-size-small{font-size:15px}.elementor-widget-heading .elementor-heading-title.elementor-size-medium{font-size:19px}.elementor-widget-heading .elementor-heading-title.elementor-size-large{font-size:29px}.elementor-widget-heading .elementor-heading-title.elementor-size-xl{font-size:39px}.elementor-widget-heading .elementor-heading-title.elementor-size-xxl{font-size:59px}<\/style><h2 class=\"elementor-heading-title elementor-size-default\">Misi\u00f3n y Visi\u00f3n<\/h2>\t\t<\/div>\n\t\t\t\t<\/div>\n\t\t\t\t\t<\/div>\n\t\t<\/div>\n\t\t\t\t\t\t\t<\/div>\n\t\t<\/section>\n\t\t\t\t<section data-particle_enable=\"false\" data-particle-mobile-disabled=\"false\" class=\"elementor-section elementor-top-section elementor-element elementor-element-ce6499b elementor-section-stretched elementor-section-height-min-height elementor-section-boxed elementor-section-height-default elementor-section-items-middle\" data-id=\"ce6499b\" data-element_type=\"section\" data-settings=\"{&quot;stretch_section&quot;:&quot;section-stretched&quot;,&quot;background_background&quot;:&quot;gradient&quot;,&quot;ekit_has_onepagescroll_dot&quot;:&quot;yes&quot;}\">\n\t\t\t\t\t\t<div class=\"elementor-container elementor-column-gap-default\">\n\t\t\t\t\t<div class=\"elementor-column elementor-col-100 elementor-top-column elementor-element elementor-element-6c5de79\" data-id=\"6c5de79\" data-element_type=\"column\">\n\t\t\t<div class=\"elementor-widget-wrap elementor-element-populated\">\n\t\t\t\t\t\t\t\t<section data-particle_enable=\"false\" data-particle-mobile-disabled=\"false\" class=\"elementor-section elementor-inner-section elementor-element elementor-element-e6d550f elementor-section-boxed elementor-section-height-default elementor-section-height-default\" data-id=\"e6d550f\" data-element_type=\"section\" data-settings=\"{&quot;ekit_has_onepagescroll_dot&quot;:&quot;yes&quot;}\">\n\t\t\t\t\t\t<div class=\"elementor-container elementor-column-gap-default\">\n\t\t\t\t\t<div class=\"elementor-column elementor-col-50 elementor-inner-column elementor-element elementor-element-9c8f36a\" data-id=\"9c8f36a\" data-element_type=\"column\">\n\t\t\t<div class=\"elementor-widget-wrap elementor-element-populated\">\n\t\t\t\t\t\t\t\t<div class=\"elementor-element elementor-element-f769a82 elementor-widget elementor-widget-heading\" data-id=\"f769a82\" data-element_type=\"widget\" data-settings=\"{&quot;ekit_we_effect_on&quot;:&quot;none&quot;}\" data-widget_type=\"heading.default\">\n\t\t\t\t<div class=\"elementor-widget-container\">\n\t\t\t<h2 class=\"elementor-heading-title elementor-size-default\">Misi\u00f3n<\/h2>\t\t<\/div>\n\t\t\t\t<\/div>\n\t\t\t\t<div class=\"elementor-element elementor-element-7b80939 elementor-widget elementor-widget-text-editor\" data-id=\"7b80939\" data-element_type=\"widget\" data-settings=\"{&quot;ekit_we_effect_on&quot;:&quot;none&quot;}\" data-widget_type=\"text-editor.default\">\n\t\t\t\t<div class=\"elementor-widget-container\">\n\t\t\t<style>\/*! elementor - v3.11.4 - 12-03-2023 *\/\n.elementor-widget-text-editor.elementor-drop-cap-view-stacked .elementor-drop-cap{background-color:#818a91;color:#fff}.elementor-widget-text-editor.elementor-drop-cap-view-framed .elementor-drop-cap{color:#818a91;border:3px solid;background-color:transparent}.elementor-widget-text-editor:not(.elementor-drop-cap-view-default) .elementor-drop-cap{margin-top:8px}.elementor-widget-text-editor:not(.elementor-drop-cap-view-default) .elementor-drop-cap-letter{width:1em;height:1em}.elementor-widget-text-editor .elementor-drop-cap{float:left;text-align:center;line-height:1;font-size:50px}.elementor-widget-text-editor .elementor-drop-cap-letter{display:inline-block}<\/style>\t\t\t\t<p>Somos una instituci\u00f3n deontol\u00f3gico, sin fines de lucro, que representa y agrupa a los ingenieros profesionales del Per\u00fa, de todas las especialidades, que cautela y preserva el comportamiento \u00e9tico de sus miembros, y debe asegurar al Per\u00fa que cuenta con una profesi\u00f3n nacional que ejerce la ingenier\u00eda en un contexto de orden, respeto, competitividad, calidad y \u00e9tica, y que est\u00e1 enraizada en sus valores sociales, culturales y pol\u00edticos, como base fundamental en el proceso de desarrollo de la naci\u00f3n.<\/p>\t\t\t\t\t\t<\/div>\n\t\t\t\t<\/div>\n\t\t\t\t\t<\/div>\n\t\t<\/div>\n\t\t\t\t<div class=\"elementor-column elementor-col-50 elementor-inner-column elementor-element elementor-element-46fe7ba\" data-id=\"46fe7ba\" data-element_type=\"column\">\n\t\t\t<div class=\"elementor-widget-wrap elementor-element-populated\">\n\t\t\t\t\t\t\t\t<div class=\"elementor-element elementor-element-0ba575d elementor-widget elementor-widget-heading\" data-id=\"0ba575d\" data-element_type=\"widget\" data-settings=\"{&quot;ekit_we_effect_on&quot;:&quot;none&quot;}\" data-widget_type=\"heading.default\">\n\t\t\t\t<div class=\"elementor-widget-container\">\n\t\t\t<h2 class=\"elementor-heading-title elementor-size-default\">Visi\u00f3n<\/h2>\t\t<\/div>\n\t\t\t\t<\/div>\n\t\t\t\t<div class=\"elementor-element elementor-element-bd553a2 elementor-widget elementor-widget-text-editor\" data-id=\"bd553a2\" data-element_type=\"widget\" data-settings=\"{&quot;ekit_we_effect_on&quot;:&quot;none&quot;}\" data-widget_type=\"text-editor.default\">\n\t\t\t\t<div class=\"elementor-widget-container\">\n\t\t\t\t\t\t\t<p>Ser reconocida como una instituci\u00f3n s\u00f3lida, que patrocina el manejo eficiente del conocimiento, con la finalidad de orientar a la sociedad peruana en las grandes decisiones, fomentando la practica de valores y comportamiento \u00e9tico de los ingenieros profesionales, as\u00ed como elevando la calidad de la ingenier\u00eda, apoyando el crecimiento del pa\u00eds en el contexto de la globalizaci\u00f3n.<\/p>\t\t\t\t\t\t<\/div>\n\t\t\t\t<\/div>\n\t\t\t\t\t<\/div>\n\t\t<\/div>\n\t\t\t\t\t\t\t<\/div>\n\t\t<\/section>\n\t\t\t\t\t<\/div>\n\t\t<\/div>\n\t\t\t\t\t\t\t<\/div>\n\t\t<\/section>\n\t\t\t\t\t\t\t<\/div>\n\t\t","protected":false},"excerpt":{"rendered":"<p>Misi\u00f3n y Visi\u00f3n Misi\u00f3n Somos una instituci\u00f3n deontol\u00f3gico, sin fines de lucro, que representa y agrupa a los ingenieros profesionales del Per\u00fa, de todas las especialidades, que cautela y preserva el comportamiento \u00e9tico de sus miembros, y debe asegurar al Per\u00fa que cuenta con una profesi\u00f3n nacional que ejerce la ingenier\u00eda en un contexto de [&hellip;]<\/p>\n","protected":false},"author":1,"featured_media":0,"parent":0,"menu_order":0,"comment_status":"closed","ping_status":"closed","template":"template-homepage.php","meta":{"_uag_custom_page_level_css":"","footnotes":""},"class_list":["post-6996","page","type-page","status-publish","hentry"],"uagb_featured_image_src":{"full":false,"thumbnail":false,"medium":false,"medium_large":false,"large":false,"thumblist":false,"meccarouselthumb":false,"gridsquare":false,"tileview":false,"1536x1536":false,"2048x2048":false},"uagb_author_info":{"display_name":"admin","author_link":"https:\/\/cippuno.org.pe\/web\/author\/admin\/"},"uagb_comment_info":0,"uagb_excerpt":"Misi\u00f3n y Visi\u00f3n Misi\u00f3n Somos una instituci\u00f3n deontol\u00f3gico, sin fines de lucro, que representa y agrupa a los ingenieros profesionales del Per\u00fa, de todas las especialidades, que cautela y preserva el comportamiento \u00e9tico de sus miembros, y debe asegurar al Per\u00fa que cuenta con una profesi\u00f3n nacional que ejerce la ingenier\u00eda en un contexto de&hellip;","meta_box":{"body_padding_enable":"0","padding_for_body":"","padding_for_body_mb":"","page_header_padding_enable":"0","padding_for_page_header":"","padding_for_page_header_mb":"","custom_header":"0","header_settings_meta":"","custom_sticky_enable":"0","custom_sticky_header":"0","header_sticky_settings_meta":"","custom_footer":"0","footer_settings_meta":"","custom_footer_sticky":"0","custom_layout":"0","layout":"","preloader_custom_enable":"0","preloader_bgcolor":"","preloader_image":[],"page_header_enable_disable":"0","page_header_title":"","page_header_bgcolor":"","page_header_bgimage":[],"text_color_blog":""},"_links":{"self":[{"href":"https:\/\/cippuno.org.pe\/web\/wp-json\/wp\/v2\/pages\/6996","targetHints":{"allow":["GET"]}}],"collection":[{"href":"https:\/\/cippuno.org.pe\/web\/wp-json\/wp\/v2\/pages"}],"about":[{"href":"https:\/\/cippuno.org.pe\/web\/wp-json\/wp\/v2\/types\/page"}],"author":[{"embeddable":true,"href":"https:\/\/cippuno.org.pe\/web\/wp-json\/wp\/v2\/users\/1"}],"replies":[{"embeddable":true,"href":"https:\/\/cippuno.org.pe\/web\/wp-json\/wp\/v2\/comments?post=6996"}],"version-history":[{"count":27,"href":"https:\/\/cippuno.org.pe\/web\/wp-json\/wp\/v2\/pages\/6996\/revisions"}],"predecessor-version":[{"id":8331,"href":"https:\/\/cippuno.org.pe\/web\/wp-json\/wp\/v2\/pages\/6996\/revisions\/8331"}],"wp:attachment":[{"href":"https:\/\/cippuno.org.pe\/web\/wp-json\/wp\/v2\/media?parent=6996"}],"curies":[{"name":"wp","href":"https:\/\/api.w.org\/{rel}","templated":true}]}}